 5*l + 14 = 5*x. What is the units digit of x?
3
Let n(d) = 2*d + 8*d**2 - d + 0 + 2 - 2*d. What is the units digit of n(2)?
2
Suppose -2*u + 2*a = -4, -5*u + 0*a + a = -6. What is the units digit of u?
1
Let x be ((-4)/(-3))/(2/69). Let k be 2/4*(2 + x). What is the units digit of 0 + k/(1 + 2)?
8
Let j = 185 + 73. What is the tens digit of j?
5
Let c be ((-6)/18)/((-1)/6). Let l(y) = 7 + 3*y**3 - c + 5*y - 2*y**3 + 7*y**2. What is the units digit of l(-6)?
1
Let p(g) = -34*g + 4. Let a be p(-4). What is the tens digit of a/8*(-4)/(-5)?
1
Suppose -3 + 66 = 3*f. What is the units digit of f?
1
Let j = 33 - -19. What is the tens digit of j?
5
Let h = 14 - 5. Suppose 5*g - h = -4. What is the units digit of g?
1
Let a(n) = n - 5. Let r be a(5). Suppose r = h - 3*h + 6, 5*h - 23 = -s. What is the units digit of s?
8
Suppose 2*c + 3*c - 10 = 0. Suppose 0*i = -i + c*y + 4, 0 = -i - 2*y + 12. What is the units digit of i?
8
Let x be (13 - 3) + (1 - 0). Let y = x + 14. What is the tens digit of y?
2
Let r = 5 + -3. Suppose -4 = -r*f - 0. What is the units digit of f?
2
Let w = 84 - 49. Let p = 56 - w. Suppose j = -5*f - 0*j + 43, 3*f - p = j. What is the units digit of f?
8
Let v(z) = 8*z**2 - 3*z - 2. What is the tens digit of v(3)?
6
Let f(q) = -2*q**2 - 8*q + 10 + 3*q**2 - q. Let p be f(8). Suppose 5*k - 3*k = p. What is the units digit of k?
1
Let u(m) = -4*m + 3. Let l be u(2). Suppose -5*r - 24 = -3*k, -4*k + 3*r = 5*r - 32. Let i = l + k. What is the units digit of i?
3
Let n(d) = 4*d**2 + 2*d - 3. Suppose -4 = -3*s + 2. What is the units digit of n(s)?
7
Let b(f) = 15*f**2 - 9*f + 25. What is the units digit of b(5)?
5
Let t(r) = 5*r - 2 - 1 - 4*r + 1. What is the units digit of t(4)?
2
Suppose 5*g + 33 = 4*u - 252, -3*g = 5*u - 347. What is the tens digit of u?
7
Let n = -336 + 475. What is the hundreds digit of n?
1
Let x(s) = s**2 - 11*s - 4*s**2 + 7 + 4 + 2*s**2. What is the units digit of x(-11)?
1
Suppose -2*j = -2 + 12. Let h = -4 - j. Suppose -5 + h = -2*q. What is the units digit of q?
2
Suppose 4*c - f - 394 = -21, -2*c + f = -187. What is the units digit of c?
3
Let g(y) = -y + 7. Let q be g(7). Let f = 9 - q. What is the units digit of f?
9
Let a = 3 + 1. Let h(s) = 2*s**2 - s - 2. Let b be h(a). Suppose 3*x = x + b. What is the units digit of x?
3
Let p(a) = -a + 1. What is the units digit of p(-11)?
2
Let w(x) = x**2 - 1 + 0 + 3*x - 4*x. What is the units digit of w(3)?
5
Let g = -3 - -3. Suppose -2*k + 6 = -g*k. What is the units digit of k?
3
Let u be (1 + 15/(-10))*4. Let m(d) = 6*d + 11. Let y(h) = -2*h - 4. Let f(v) = -3*m(v) - 8*y(v). What is the units digit of f(u)?
3
Suppose -2*p + 3*p = 2. Suppose p*v + 4 = x + 9, 3*x - 2*v = -11. What is the units digit of 81/6*(-2)/x?
9
Suppose -4*z + 63 = -0*k - 3*k, 0 = -5*z - 2*k + 73. What is the units digit of z?
5
Let t be (-30)/(10/(-6) + 1). Suppose -3*q = -0*h - 3*h + 36, -4*h = -3*q - t. What is the units digit of h?
9
Suppose 0 = 5*z - 13 - 27. What is the units digit of z?
8
Let p(r) be the third derivative of r**5/60 - r**4/24 + r**3/3 + 2*r**2. Let z be p(0). Let a = 7 - z. What is the units digit of a?
5
Let r = 8 + -8. Suppose 2*y = -2*y - 3*l - 6, r = 4*l + 8. Suppose -o + 6 = -y. What is the units digit of o?
6
Let m be ((-34)/4)/(5/(-10)). Let d = 25 - m. Suppose 2*o + z - d = o, o - 5*z = 38. What is the units digit of o?
3
Let i(w) = 3*w**2 + w + 4. Let x be i(3). Suppose -2 + x = -4*s. What is the units digit of (-58)/s + 5/(-20)?
7
Let j be 2/((-4)/(-18))*3. Suppose 4*p - 19 - 13 = 0. What is the units digit of p/(-36) - (-87)/j?
3
Let h = 52 - -8. Suppose 48 = 4*k - h. What is the tens digit of k?
2
Let h be 2*((-3)/6 + 2). Suppose -f - 3*f + 2*c + 186 = 0, c + h = 0. Suppose f = 7*p - 2*p. What is the units digit of p?
9
Let a be 12/(-18)*(1 + 11). Let n = 16 + a. What is the units digit of n?
8
Suppose -2*c - c = -18. Let n = c + 1. What is the units digit of n?
7
What is the units digit of 0*(-1 + 0) + 85?
5
Let q(f) = f**2 - 2*f - 26. What is the hundreds digit of q(-11)?
1
Suppose 0 = -z - 4*m + 17, -2*m - 2*m = -12. What is the units digit of z?
5
Let k(h) = -h**2 - 6*h + 6. Let g be 3/9 - 57/9. What is the units digit of k(g)?
6
Suppose 3*s + 149 = 5*l, -20 = -l - 3*s - 1. What is the units digit of (-7)/(l/16)*-4?
6
Let m(d) be the second derivative of 0 + 6*d**2 - 1/6*d**3 - 2*d. What is the tens digit of m(0)?
1
Suppose 5*b + 9*b - 1974 = 0. What is the tens digit of b?
4
Let t = 10 + 46. What is the tens digit of t?
5
Let h(s) = 2*s**2 - 11*s - 25. What is the units digit of h(11)?
6
Let h(t) = 13*t**2 - 2*t + 1. Let q(f) = f - 2. Let c be q(3). What is the units digit of h(c)?
2
What is the tens digit of 184/(-14)*21/(-6)?
4
Suppose 5*k - 11 - 11 = -2*l, 4*k - 15 = l. Suppose -k*y + 25 = y. Suppose 8 - 48 = -y*s. What is the units digit of s?
8
Let q be (-4)/(-1)*9/(-4). Let s = q + 3. What is the units digit of ((-1)/(-1))/(s/(-54))?
9
Suppose 3*l = -4*t + 297, -4*t = -t + 3*l - 225. What is the tens digit of t?
7
Let k = -113 - -169. What is the units digit of k?
6
Let r(d) = d**2 - 12*d + 3. Let m be r(13). What is the units digit of (36/m - 3)*-8?
6
Let y(b) = b**3 + 13*b**2 - 15*b - 10. Let d be y(-14). Suppose -49 = -d*u + 3*u. What is the units digit of u?
9
Let u(o) = -o + 20. What is the units digit of u(6)?
4
What is the hundreds digit of 106 - 3*(-4)/(-6)?
1
Let q(f) = -1 + 1 + 6 + 4*f. What is the units digit of q(6)?
0
Let m be (0 - 2)/2*0. Let u = m - -1. Let x = 3 + u. What is the units digit of x?
4
Let o be (-2)/((6/(-33))/2). Let l = -12 - 1. Let j = o + l. What is the units digit of j?
9
Let j(t) = t**3 - 7*t**2 - 6*t + 11. What is the tens digit of j(8)?
2
Let u = 7 - 5. Suppose u*j + 48 = 6*j. What is the units digit of j?
2
Let m = -253 - -603. What is the tens digit of m?
5
Let j(v) = v**2 - 16*v + 11. What is the units digit of j(17)?
8
Let v(g) be the first derivative of -g**4/4 - 11*g**3/3 - 11*g**2/2 + 2*g - 3. Let l be v(-10). What is the units digit of (l/(-15))/(1/(-25))?
0
Let i(z) = 3*z + 17. What is the tens digit of i(10)?
4
Let q(m) = -2*m - 2. Let w be q(-3). Suppose n = -w*n. Suppose n*y + 50 = 5*y. What is the units digit of y?
0
Let w = 7 + 3. Suppose -3*h - 11 = -2*o, 0 = -o + 3*h + w. Suppose 0 = m - o. What is the units digit of m?
1
Suppose -5*u - 11*u + 4688 = 0. What is the hundreds digit of u?
2
Let a(f) = f**3 + 5*f**2 - 7*f - 8. Let g be (-21)/14*(-1 - -5). Let s be a(g). Let l(d) = 3*d**2 + d - 1. What is the units digit of l(s)?
9
Let o(a) = -a**3 - 6*a**2 - 11*a + 6. What is the tens digit of o(-6)?
7
What is the hundreds digit of (-1)/(-3*4/2448)?
2
Suppose -b + 3*f - 1 = 0, -2*b + 4*f + 3 = -1. Suppose -9*t = -b*t - 2. Suppose -2*a + 16 = t*a, 0 = -z + 2*a + 10. What is the tens digit of z?
1
Let p = 5 - 5. Suppose p = -0*v + v - 60. Suppose 5*h = -5*x + v, -4*x = -h - x - 4. What is the units digit of h?
8
Suppose j = 6*j - 10. Suppose -u + 48 = j*u. What is the tens digit of u?
1
What is the tens digit of (0 - (3 - (-14)/(-6)))*-27?
1
Suppose 0 = -q - 5*t - 22, 3*q - t = -2*q + 20. Let c = 20 + q. What is the tens digit of c?
2
Let z = 138 + -110. What is the units digit of z?
8
Suppose -k = 4*k + 2*c - 19, 0 = -5*c + 10. What is the units digit of k?
3
What is the tens digit of (-2)/(4 - 760/188)?
4
Suppose 2*r - 149 = -5*l, -l - 3*l = 4*r - 124. What is the tens digit of l?
2
Let v(j) = -j**3 + 8*j**2 + 7*j - 7. What is the tens digit of v(7)?
9
Suppose 2*l + 12 = 4*l. Let j = 6 - l. Let x = j - -6. What is the units digit of x?
6
What is the tens digit of -3 + (-3)/(-1) + 65?
6
Let l(t) = -2*t + 5. What is the tens digit of l(-7)?
1
Suppose 4*y + 2*x - 230 = 0, 310 = 2*y + 3*y - 2*x. What is the tens digit of y?
6
Let m be 1 + -2 + 2 - 4. Let a = 4 + m. What is the units digit of 4/((1/2)/a)?
8
Let r = 21 - -5. Suppose -11*u + 9*u + r = 0. What is the tens digit of u?
1
Suppose 3*w = 182 + 226. What is the tens digit of (w/(-6))/(8/(-12))?
3
Let a = 1 + -4. Suppose 0 = 4*m - 7 - 1. What is the units digit of 3/m*(-2)/a?
1
Suppose 3*g + s + 6 = 5*g, -2*g + 18 = 5*s. Suppose -g*d = 3*b - 4 + 1, 4*b = -4*d. What is the units digit of d?
3
Let t = 3 - 3. Suppose i + 4 = t, j + 2*i = 6*i + 18